 582 = -4*s, s - 124 = -j. Is s a multiple of 4?
False
Let i = 681 - 673. Suppose 10*p - b - 4261 = 7*p, -2*b - i = 0. Is p a multiple of 43?
True
Let r be 791/(-4) - (-19)/(-76). Let b be ((-108)/(-2))/(((-20)/26)/(-5)). Let o = b + r. Is 17 a factor of o?
True
Let c(p) = 14*p - 28. Let m be c(4). Suppose -3*u - 18125 = -m*u. Is 25 a factor of u?
True
Let w(p) = -2*p + 13. Let y be w(2). Let x(c) = -c**3 + 12*c**2 + 13*c - 18. Is 17 a factor of x(y)?
False
Suppose -2*f + 11*f = 5481. Is 21 a factor of f?
True
Let z(k) = k**3 - 29*k**2 - 132*k + 8. Let u be z(33). Suppose -4*n - 11*w + u*w = -421, -3*w - 233 = -2*n. Is n a multiple of 8?
False
Let b be 26/6 - 8/6 - 299. Let n = -212 - b. Does 14 divide n?
True
Suppose 6*x + 99 = -3*x. Let c(f) = -3*f - 33. Let k be c(x). Suppose -3*h + k*h + 54 = 0. Is 9 a factor of h?
True
Let v be 1*(-102)/(-30) - 6/(-10). Suppose 0 = -v*s + j + 149, -j + 8 = -5*s + 193. Does 36 divide s?
True
Suppose z + 308 - 458 = 0. Let k = 96 + z. Is k a multiple of 11?
False
Let o(d) = 7*d**3 - 46*d**2 - 58*d - 107. Let p(z) = 3*z**3 - 23*z**2 - 29*z - 54. Let k(g) = 2*o(g) - 5*p(g). Does 7 divide k(24)?
False
Let r be (-36)/5 - (-172)/(-215). Does 5 divide (-564)/(-7)*2/(r/(-14))?
False
Suppose 2*i = -0*i - 2*q + 12, 2 = 2*q. Suppose -3*m = 2*u + 1, -i*m = 2*u - 0*m + 3. Is 14 a factor of (-3)/u - 576/(-8)?
False
Let b = 65 - 159. Let a = -4 - b. Is a a multiple of 15?
True
Let d = -212 + 391. Suppose -30 = d*a - 180*a. Does 10 divide a?
True
Let n = 773 + -435. Suppose 4*v - n = 334. Does 30 divide v?
False
Let b = 47 + -41. Suppose -b*r + 9 = -15. Suppose -5*o + 65 = q, -q + 2*o + 68 = -r. Does 14 divide q?
True
Let r(v) be the first derivative of -v**6/180 - 17*v**5/120 + v**4/8 + 14*v**3/3 - 1. Let t(c) be the third derivative of r(c). Is t(-8) a multiple of 3?
False
Let s = 314 - -776. Suppose -2*u + s = 4*v, -13*v - 2*u - 548 = -15*v. Is 21 a factor of v?
True
Let v = 431 + -140. Suppose 4*c + y - 609 = 0, -2*c - 10*y + 5*y = -v. Let t = -78 + c. Does 15 divide t?
True
Suppose -5*s = -3*l + 54, 4*s + 68 - 56 = 0. Suppose -2 = 5*r + 8. Is r + 2/(-13) + 1666/l a multiple of 42?
True
Suppose 2021 + 2299 = 646*q - 640*q. Is 16 a factor of q?
True
Let w(p) = 216*p**2 + p - 2. Let j be 80/(-32) + (-110)/4. Let o be -3 + (-78)/j - (-7)/5. Is 43 a factor of w(o)?
True
Let j = 3768 - 5505. Let f = -619 - j. Is f a multiple of 43?
True
Let h(v) = 6*v - 12. Suppose -5*u - 2*k = -0*k - 140, -2*k - 140 = -5*u. Suppose -u*w = -26*w - 16. Is 6 a factor of h(w)?
True
Let x be -22*(1 - (-91)/(-77)). Suppose -12 = x*j, 2*y + 4*j = 6*y - 2316. Does 19 divide y?
False
Suppose -21*r = -32*r. Suppose r = p + 5*a - 1029, a + a = -2*p + 2058. Is 19 a factor of p?
False
Let s(l) = l**2 + 9*l + 5. Let y(r) = 4*r + 41. Let p be y(-12). Let h be s(p). Is (1 + h)/2 + 30 a multiple of 21?
False
Suppose 2184 + 180 = 4*q. Let z = -399 + q. Is z a multiple of 7?
False
Suppose -122 + 113 = -5*y - 4*z, 4*z = y - 21. Does 68 divide 1156/y*(3 + 2)?
True
Suppose 2*x - 142 = -4*f + 390, -5*f = -4*x + 1025. Is x a multiple of 5?
True
Suppose k - 78 = -4*b - 2, 5*k - b - 464 = 0. Suppose 7*s - 2*s + 3*f = 298, 3*s + 2*f - 179 = 0. Let w = k - s. Does 33 divide w?
True
Suppose -2*t - n + 0*n = -31, 4*t = -5*n + 65. Let g be 3*(-3 + (-805)/t). Let a = -11 - g. Is 53 a factor of a?
True
Suppose 148*f = -55*f + 1398467. Does 223 divide f?
False
Let a be 6/4 + -1 - (-364)/56. Let p = -2 + 5. Suppose p*b - 16 = a*b, -2*b = 5*l - 307. Is l a multiple of 17?
False
Let h(n) = 5*n - 113. Let b(k) = -11*k + 225. Let z(g) = -4*b(g) - 9*h(g). Is z(0) a multiple of 23?
False
Let r = 130 + -87. Suppose 3*q - h - r = h, h + 38 = 3*q. Suppose -195 = -2*a - q. Does 23 divide a?
True
Let w = -496 - -14. Let c = -170 - w. Is 24 a factor of c?
True
Let o be ((-42)/(-9) + 0)*-3. Let q be (-6)/21 - (-164)/o. Does 9 divide -2 - (62/(-3))/((-8)/q)?
False
Suppose 5*d = -2*s + 272 + 688, -5*d - 2010 = -4*s. Does 9 divide s?
True
Let p be (-2)/(-8) + (-1183)/28. Let q(m) = -4*m**2 - 6*m + 27. Let j be q(4). Let r = p - j. Is r a multiple of 12?
False
Let w(l) = l**2 + 14*l + 18. Let n = 9 + -22. Let i be w(n). Suppose i*o - 33 = 67. Is 20 a factor of o?
True
Let c be 127*5*(-35)/(-25). Suppose 2*t = -5*k + c, 4*t - 2*k - 1718 = -0*k. Does 24 divide t?
True
Let r(t) = 49*t**2 - t - 1. Let d be r(-1). Let m = 119 - d. Suppose 2*p - m = 114. Is 13 a factor of p?
False
Let t = -2139 - -38873. Is 79 a factor of t?
False
Let s(k) = 215*k + 20. Let n be s(5). Suppose 291*u = 292*u - n. Is u a multiple of 15?
True
Suppose -13481 = -w + 150*j - 148*j, 0 = 2*w + 4*j - 26938. Is 77 a factor of w?
True
Let s = -293 - -531. Let g = s + -197. Does 15 divide g?
False
Suppose -2*n = -11*n + 16398. Let b = n - 383. Does 13 divide b?
False
Let m(d) = -d**2 + 9*d - 12. Suppose 2*h - 2*y = 16, -2*y - 21 = 3*h - 6*h. Let i be m(h). Suppose 3*j = -15, i*w - 3*w - 4*j - 1100 = 0. Is w a multiple of 14?
False
Suppose 5*x - 25920 = -5*d + 3735, 18 = -3*x. Does 114 divide d?
False
Let n(y) = y**2 - 7*y + 34. Let v be n(5). Let c(a) = 4*a + 212. Does 4 divide c(v)?
True
Let f be ((-8)/(-3))/((-1)/3). Let w(g) = 527 - 1056 - 6*g**2 + 542 - g**3. Is 47 a factor of w(f)?
True
Let s = -54 + 63. Suppose 3 - s = -2*n. Suppose 2*c - c + n*a = 41, -3*c - 4*a = -148. Does 28 divide c?
True
Let z(t) = 35*t**2 - 16*t + 98*t**2 + 0 - 12*t + t**2 - 1. Does 10 divide z(-2)?
False
Let n(v) = 2*v - 9. Suppose 4*g = -3*y - 9, -y + 5*g = -3*y - 13. Let m(k) = -1. Let h(x) = y*n(x) + 6*m(x). Does 15 divide h(15)?
True
Suppose -4*o - 18*q + 31262 = 0, 5*o - 5*q = -8*q + 38941. Is o a multiple of 8?
True
Let v(p) = -2*p**3 + 5*p**2 - 7*p - 34. Is 22 a factor of v(-9)?
True
Let o(s) = 2*s**2 - 4*s - 2. Let n be o(-8). Let g = 18 + n. Is g a multiple of 11?
True
Let a(s) = 3*s**2 - 96. Let j be a(0). Suppose -4*p - 3 = -p. Is (-19 - p)*j/9 a multiple of 12?
True
Let c be (-44)/(-1) - (-3 - -2)*1. Let k = c - 42. Is (4 + 656/12)*k a multiple of 44?
True
Let g be ((-105138)/(-495))/(0 - 1/(-40)). Suppose 0 = 7*j + 41*j - g. Is j a multiple of 3?
True
Does 21 divide (-491709)/(-30) + (-546)/1820?
False
Suppose -2*n = 782 - 784. Let s(r) = 365*r**3 + 2*r**2 - r + 1. Does 77 divide s(n)?
False
Let p = 68594 - 41101. Is 16 a factor of p?
False
Suppose -1112*b + 1129*b - 64345 = 0. Is b a multiple of 57?
False
Suppose 83*r = 396875 + 335268. Is 10 a factor of r?
False
Let q = 2611 - 1089. Suppose 5*v + 5*p - q = 1733, -3*p = v - 653. Is 26 a factor of v?
True
Let h = -2307 + 4360. Is h a multiple of 33?
False
Let b = -409 - -412. Suppose -5*t + 3*v + 199 = 49, -b*v = -2*t + 51. Is 2 a factor of t?
False
Is (27/(-2) - (6 - 14))*-1596 a multiple of 77?
True
Suppose 164*q - 97440 = 108*q. Does 58 divide q?
True
Suppose 60 = 3*r + 3*n, -27 = -5*r + 3*n + 97. Suppose 228 = 25*h - r*h. Is 2 a factor of h?
True
Let w(s) = 115*s - 805. Let r be w(7). Suppose 4*t - 8*t = -20, -2*t - 348 = -k. Suppose -4*x + k + 242 = r. Is x a multiple of 15?
True
Suppose 2*r - 13910 = b, 73*r - 13898 = 71*r + 3*b. Does 92 divide r?
False
Suppose -3*x + q + 57 = -640, 3*q - 6 = 0. Let a = x + -136. Does 30 divide a?
False
Let m = -7467 - -9457. Does 6 divide m?
False
Suppose -4*n + 8*n + 108 = 0. Let v = 41 + n. Suppose r + 99 + v = 5*k, 0 = -2*k + r + 44. Does 17 divide k?
False
Suppose 0 = -2*w - 56*m + 53*m + 10293, 20597 = 4*w - 5*m. Does 52 divide w?
True
Suppose 36*y - 48 = 34*y. Let u(w) = 5*w - 34. Does 2 divide u(y)?
True
Let j(w) be the third derivative of w**4/3 + 47*w**3/3 - 140*w**2. Is 25 a factor of j(7)?
True
Suppose -3*y + 4*y - 24098 = -3913. Is y a multiple of 200?
False
Suppose g + 52 = 3*x, -9*g + 5*x + 100 = -12*g. Is 8 a factor of (g/(-120))/(2/48)?
True
Suppose 18*a - a = -16*a + 211134. Is 20 a factor of a?
False
Let y(n) = -n**3 + 16*n**2 + 38*n - 31. Let t be y(18). Suppose t*i - 456 = -3*i. Is i a multiple of 19?
True
Let x be -9*((-1)/5)/((-27)/(-45)). Suppose 422 - 1430 = -2*r. Suppose -3*d + x*m + r = 0, 0 = d - 3*m - 81 - 89. Does 25 divide d?
False
Suppose 3*b + 4388 = 153*n - 151*n, -3*b = 0. Is n a multiple of 27?
False
Suppose 3*b - 220 - 1408 = -4*h, 2*b = -2*h + 1084. Let a = 9 + -6. Suppose a*c = 7*c - b. Does 15 divi